).
2
Let i(k) = -k**3 - 7*k**2 - 8*k - 1. Let u be i(-6). List the prime factors of u + (-1 - 9/(-3)).
13
Let w be 2 + (1 - 3*2). Let v = w - -8. Suppose 4*z - v*g + 4*g - 41 = 0, -4*g - 38 = -2*z. List the prime factors of z.
3
Suppose -126 = -4*q + 2*b, -5*b + 46 + 119 = 5*q. What are the prime factors of q?
2
Suppose -2*q = -q - 3. Suppose 0 = -c - q*c + 64. List the prime factors of c.
2
Suppose x + 24 = -2*x. Let z(p) = p**2 + 8*p + 3. Let k be z(x). Let v(l) = 2*l**3 - 4*l**2 - l + 1. What are the prime factors of v(k)?
2
Let x(c) = 28*c + 3. What are the prime factors of x(2)?
59
Let i = -49 + 316. What are the prime factors of i?
3, 89
Let t = -1 + 5. Let s(h) = 3 + t*h + 0 + 3*h**2 - 2*h**2. What are the prime factors of s(-4)?
3
Let s = 89 - 32. What are the prime factors of s?
3, 19
Let w = -45 - -132. List the prime factors of w.
3, 29
Let t be (-1*1)/((-6)/(-30)). Let f(s) = -s**2 - 6*s. List the prime factors of f(t).
5
Suppose 4 = f + 3. Let c be (2 + -2)/(2 - f). Suppose -5*k = -j + 4*j - 24, 3*k + 3*j - 12 = c. What are the prime factors of k?
2, 3
Let y be (-1 - -1) + 0 + 2. Suppose 58 = 3*l - y. Suppose w = -w + l. What are the prime factors of w?
2, 5
Suppose -2*s + 1 = -3. Suppose -3*h - s*h + 5*a + 305 = 0, 0 = 4*h - a - 235. Suppose 5*d - 4*f - 65 = 0, 5*f + h = 3*d + 19. What are the prime factors of d?
13
Let z = 4 - -8. Let t = z + -7. List the prime factors of t.
5
Suppose 0 = 3*l - 55 - 308. What are the prime factors of l?
11
Let c be 1/(-3) + (-157)/(-3). Suppose -j = 4*r - 21, 4*r + 10 = -2*j + c. Suppose -2*o - j = -5*o. What are the prime factors of o?
7
List the prime factors of -3 - 484/(-6) - 2/(-6).
2, 3, 13
Let m(b) = 7*b - 6. Suppose 5*s - 4*t = 14, 0 = -4*s + t + 21 - 1. Let v be m(s). Suppose 2*p = 8 + v. List the prime factors of p.
2, 11
List the prime factors of (-28)/7 - (1 + -42).
37
Suppose 67 = -2*w - 41. Let h = w - -105. What are the prime factors of h?
3, 17
Let k(b) = -21*b - 2. List the prime factors of k(-4).
2, 41
Let x be 1*2/(-3)*3. Let a(h) = -h**3 - h - 2. What are the prime factors of a(x)?
2
Let x = -9 - -3. Let p = x + 4. What are the prime factors of (p/6)/(5/(-165))?
11
Suppose -3 + 9 = -3*m. Suppose -120 = -7*t - 15. Let d = m + t. List the prime factors of d.
13
Let j be (-8)/5 + (-6)/(-10). Let d be -2*10*j/4. Let x = 0 + d. What are the prime factors of x?
5
Suppose -3*g = -2*g. Suppose -3*t = a - 6 - g, -4*t - a + 8 = 0. List the prime factors of t.
2
Suppose 0 = 3*z - 4*n - 101, -z - 2*z - 5*n = -56. List the prime factors of z.
3
Suppose -4*m = 5*z + m, 0 = -4*m. Suppose -3*q + j + 52 = -z*q, -4*j - 82 = -5*q. Suppose -2 - q = -2*h. List the prime factors of h.
2, 5
Suppose 5*z = -5*d + 35, -4*d - 2*z = -0*z - 18. Suppose 0*n = -n + d. What are the prime factors of n?
2
Let d = 54 - 38. Suppose 3*v + 12 = 4*f, 2*v - 5*v + f - 3 = 0. Suppose v = 4*s + s - 25, s = 3*w - d. List the prime factors of w.
7
Suppose 3*x - 6*x = -96. What are the prime factors of x?
2
Suppose 2*a = 3*m + m - 30, 5*a = 4*m - 81. Let d = 23 + a. List the prime factors of d.
2, 3
Suppose d = 4*h - 2*h - 14, 68 = -4*d + 5*h. Let y be (64/(-12))/(2/(-12)). Let g = d + y. List the prime factors of g.
2, 5
Suppose -3*t + 4*t - 3*m = -112, 4*t = -4*m - 384. Let z = -59 - t. List the prime factors of z.
41
Suppose 260 = -6*j + 8*j + 4*t, -4*j + 532 = 2*t. What are the prime factors of j?
2, 67
Let u(o) = 2*o - 5. Let n be u(4). Let g = 7 - n. What are the prime factors of g?
2
Let i(l) = l**3 + 6*l**2 - 9*l - 5. Let x = 17 - 5. Suppose 3*u = 3*n - x, -2*u + u - 16 = 3*n. List the prime factors of i(u).
3
Let g(s) = -8*s**3 + 4*s**2 + 4*s + 2. What are the prime factors of g(-3)?
2, 11
Let z = 26 + -2. What are the prime factors of z?
2, 3
Let w(h) = -h**2 + h - 1. Let r be w(3). Let g(a) = a + 7. Let v be g(r). Suppose -4*d = -v*d - 32. What are the prime factors of d?
2
Let z be (-2)/4 + (-57)/6. Suppose 0 = 2*x - 2*u - 50, 2*u + 2*u = -5*x + 89. Let i = z + x. List the prime factors of i.
11
Suppose -2*o = 3*w - 423, 197 = w + 3*o + 49. What are the prime factors of w?
139
Let c be (1 + -7)*7/(-21). Suppose -22 + c = -2*b. What are the prime factors of b?
2, 5
Suppose -5*q + 117 = 2. What are the prime factors of q?
23
Suppose 6*h - 22 = 8. List the prime factors of h.
5
Let h(r) = 2*r**3 + 15*r**2 + 11*r - 3. Let k(z) = z**3 + 7*z**2 + 5*z - 2. Let g(l) = -2*h(l) + 5*k(l). What are the prime factors of g(-3)?
5
Suppose -4*t + 812 = -3*m, m + 0*m + 4 = 0. What are the prime factors of t?
2, 5
Suppose 3*r + 666 = 9*r. List the prime factors of r.
3, 37
Let a = -169 - -376. List the prime factors of a.
3, 23
List the prime factors of (-1)/((-96)/92 + 1).
23
Suppose d + 0*q - 15 = 2*q, 20 = d - q. List the prime factors of d.
5
Let s(r) = -16*r - 22. List the prime factors of s(-5).
2, 29
Suppose -5*i - 4*j = -174, i = -2*i + 2*j + 100. Suppose -3*x + i + 23 = 0. List the prime factors of x.
19
Suppose 0*k = 3*k - 39. What are the prime factors of k?
13
Let l = -1 - -5. List the prime factors of l.
2
Let m(i) = i - 2 - i - i. List the prime factors of m(-5).
3
Let d(l) = -6*l - 4. Let r be d(-2). List the prime factors of 430/15 + r/6.
2, 3, 5
Suppose 4 = -2*g - 2*g, 3*k + g = 191. List the prime factors of k.
2
Let h(i) = i**2 - 3*i - 7. List the prime factors of h(8).
3, 11
Let w be (-441)/(-91) + (-2)/(-13). Suppose w = z + 1. List the prime factors of z.
2
Let h(g) = 2*g - 11. Suppose 3*q + 2*q = 40. Let k be h(q). Let d(j) = 3*j - 3. What are the prime factors of d(k)?
2, 3
Let p = 0 - -2. Suppose 0 = -p*g + 5*x + 12, -12 - 27 = -3*g - 3*x. What are the prime factors of g?
11
Suppose -3*f + 90 = 3*c, 15 = 2*f + 4*c - 35. List the prime factors of f.
5, 7
Suppose -4*m - 31 = 1. List the prime factors of (m - 4)*(-2)/3.
2
Let g = -148 - -209. List the prime factors of g.
61
Suppose m - 72 = -3*m. Let w = m + -10. List the prime factors of w.
2
Suppose l - 3*l = -5*g + 159, g - 24 = 3*l. List the prime factors of g.
3, 11
Let f be ((-336)/(-10))/4*5. Suppose 0*o + 3*o = f. What are the prime factors of o?
2, 7
Suppose 3*p + 43 + 2 = 0. Let l = -13 - p. List the prime factors of l.
2
Suppose 0 = 4*u + 5*o + 8, 0*u + 8 = -4*u + 5*o. Let g be (0 - u)*(-10)/(-4). Suppose 4*k - 2*k - 68 = -3*h, -3*h + g*k = -40. List the prime factors of h.
2, 5
Let m = -19 - -23. What are the prime factors of m?
2
Let l(b) = -19*b**3 - b**2 + b + 3. What are the prime factors of l(-2)?
149
Suppose 0 = -5*h + 10*h - 270. What are the prime factors of h?
2, 3
Suppose 0*g - 5*g = 0. Let m be (-1)/2*(-10 + 0). Suppose -3*t + 5 + 6 = m*f, g = -4*t - 2*f + 24. What are the prime factors of t?
7
Suppose -6*f + 3*f = -12. Suppose 16 = q - f. What are the prime factors of q?
2, 5
Suppose 0 = -5*v + 8*v - 192. List the prime factors of v.
2
Suppose -2*r + 5*r = 9. What are the prime factors of (-3)/r + 3 - -18?
2, 5
Suppose 0*s - 5*s + 125 = 0. What are the prime factors of s?
5
Let a(u) = 13*u**2 - 1. Let n = -1 + 1. Suppose n = -4*y - c + 3, 0 = 2*y + 3*c + 2*c + 3. What are the prime factors of a(y)?
2, 3
Let i be ((-2)/(-3))/(1/3). Let r be (i + 0)/(2 + -4). What are the prime factors of (32/4)/(r/(-2))?
2
Let m be ((-12)/(-16))/(1/4). Suppose 0 = -m*n - 4*q + 1 + 25, -3*q + 23 = 4*n. What are the prime factors of (7 - 1)*n/3?
2
Let m = -294 + 440. Suppose -m = 5*b + 64. List the prime factors of (b/9)/((-1)/3).
2, 7
Let n(x) = -2*x - 4. Let q be n(-4). Let y(d) = d**2 - 9*d + 18. Let i be y(6). Let h = q + i. List the prime factors of h.
2
Suppose -j - 25 = -5*t + 35, 4*t - 5*j = 69. Suppose 0 = -5*f - k + t, 2*f + k = -0*f + 2. List the prime factors of f.
3
Suppose i = -p + 25, p - 29 - 8 = 5*i. Let h = -18 + p. What are the prime factors of h?
3
Let h(a) = -a - 1. Let z be h(3). Let f = z - -12. List the prime factors of f.
2
Suppose 104 = 4*n - 88. What are the prime factors of n?
2, 3
Suppose 4*y - 4*o + 9*o - 316 = 0, 3*y - 242 = -5*o. List the prime factors of y.
2, 37
Let y(f) = 2*f + f + 0 - 2*f**2 + 2 + 5*f**2. What are the prime factors of y(3)?
2, 19
Let v be 28/3 + (-4)/(-6). Let s = v + 2. What are the prime factors of s?
2, 3
Suppose -3*t + 3 + 0 = -4*z, -3*t + 3*z + 3 = 0. Let q be (-2)/t - (-20)/(-5). What are